 of x and 4?
2
Let u = -421 - -925. Suppose 0 = -3*d - 5*d + u. Calculate the greatest common divisor of d and 63.
63
Suppose 7*y = 46*y + 1170. Let d be (-311)/(-10) + 3/y. Calculate the greatest common divisor of d and 248.
31
Suppose 600 = 36*p - 24*p. Let j be -10*(10/4)/(-5). Suppose 1 = -f, o + 2 = -j*f + 7. Calculate the highest common factor of p and o.
10
Let f be (-530)/424 - 2890/(-8). Calculate the greatest common divisor of 760 and f.
40
Let m = 415 - 125. Suppose m*l - 9702 = 272*l. What is the highest common divisor of 49 and l?
49
Let q = 4608 + -4584. Calculate the highest common factor of q and 688.
8
Let w = 178 - 116. Suppose -10*f + 14*f = -4*r + 48, -w = -4*f + 3*r. What is the highest common factor of 126 and f?
14
Suppose -122*j - 53*j + 40384 = -247316. What is the highest common factor of j and 96?
12
Suppose y - 150 = 5*o, -2*y + 5*o = 2*o - 272. Let j be (((-1251)/45)/(-1))/((-2)/(-10)). Let d = j - y. Calculate the greatest common factor of 9 and d.
9
Suppose -145 = -11*w + 75. Suppose w*l = 129 + 671. Let s be (-65)/(-4) + (-2)/8. What is the highest common factor of l and s?
8
Let v(r) = -961*r + 2981. Let t be v(3). Calculate the highest common factor of t and 7000.
14
Suppose -6*v + 6*v + 4*v = 9884. What is the highest common divisor of v and 42?
7
Suppose -5*z - 2*o = o - 21, 3*o - 9 = -z. Let t(y) = 2*y**3 - 74*y**2 + 373*y + 50. Let u be t(31). Calculate the greatest common factor of z and u.
3
Let y be ((-1390)/(-70) + -19)/((12/(-3129))/(-4)). What is the highest common factor of y and 6?
6
Let i be 21/4*(27200/(-60))/(-34). What is the highest common factor of 23240 and i?
70
Let u = 215 - 191. Suppose 4*z - 4*n - 528 = 0, -n = z - u - 114. Calculate the greatest common factor of z and 30.
15
Suppose -19*u - 609 = -u - 7899. Let w(s) = 16*s**2 - 2. Let i be w(-3). Suppose 4*n = 38 + i. What is the highest common factor of n and u?
45
Suppose 5*b = -2*l + 546, -3*l + 89*b - 93*b = -840. What is the highest common divisor of 3600 and l?
144
Let n(u) = 121*u - 15. Let o be n(3). What is the greatest common factor of 19372 and o?
116
Suppose -2*i = 23 - 21. Let k be 120*i*295/(-118). Calculate the greatest common factor of 180 and k.
60
Suppose 117430 = 405*q + 150*q - 15770. Calculate the highest common divisor of 885 and q.
15
Let r be 6/(-3) - (4/(-7) + (-1095)/105). Calculate the greatest common factor of r and 13.
1
Let o(d) = 4558*d + 12. Let z be o(1). Suppose -40*a + z = -1830. What is the greatest common divisor of a and 40?
40
Let g be (-12)/(-15) + 6*(-19635)/(-50). Suppose 6*z = g + 1891. Calculate the greatest common factor of z and 12.
12
Suppose -4*m - 4*q + 6*q = -5516, -5*m + 3*q + 6897 = 0. What is the greatest common factor of m and 34?
17
Let u(s) = -7*s + 68. Let b be u(6). Suppose 19 = b*n - 7*n. Let t be 0/18 + n/((-1)/(-24)). What is the highest common divisor of 108 and t?
12
Suppose 0 = 3*p + 3*a - 1260, 123*p = 118*p + a + 2100. What is the greatest common factor of p and 960?
60
Let q = -1311 + 1383. What is the greatest common divisor of 738 and q?
18
Suppose -10*a - 16060 = -21*a + 891. What is the highest common divisor of a and 207?
23
Suppose 231 = 4*d + 59. Suppose 0 = -3*t - 40 + 22. Let j be 11 + t - 4 - -300. Calculate the highest common divisor of d and j.
43
Suppose 5*w - 775 = -6*r + r, 5*w = 5*r + 785. Calculate the highest common factor of w and 2262.
78
Let g = 2953 - 2920. What is the highest common factor of 539 and g?
11
Let n be (16653/364)/(2 - (-7)/(-4)). Calculate the highest common divisor of n and 24.
3
Suppose 0 = -457*d - 40441 + 476810 + 31142. Calculate the greatest common divisor of 620 and d.
31
Let v = -280 - -472. Let s be 2*2 - (-10 + (-120 - 10)). Calculate the greatest common divisor of v and s.
48
Let x = -19570 + 19780. What is the greatest common factor of x and 45990?
210
Suppose -10*k + 2 = -9*k. Let l = -6995 + 7059. What is the greatest common factor of k and l?
2
Let h(s) = s**3 + 14*s**2 - s - 19. Let q be h(-14). Let g be (-22)/(-4) + q + 658/4. What is the greatest common factor of 33 and g?
33
Let k(n) = n**3 - 14*n**2 + 13*n + 2. Let y be k(13). Suppose 0 = -5*g - c - 8 + 72, y*g = 4*c + 8. Calculate the highest common divisor of 222 and g.
6
Suppose -64234 = 728*a - 732*a + 2*f, -4*a + f = -64237. Calculate the highest common divisor of a and 438.
146
Let n be ((-1)/(2/(-20)))/((-450)/(-2160)). What is the greatest common divisor of 15864 and n?
24
Let h(l) = -3659*l - 3318. Let o be h(-2). Calculate the greatest common divisor of o and 625.
125
Let g(w) = -2*w**2 + 29*w + 2. Let n(j) = -j**2 + j - 1. Let k(s) = -g(s) + 3*n(s). Let o be k(-25). Calculate the greatest common divisor of 100 and o.
20
Let s(z) = -z**2 - 48*z + 1760. Let y be s(-58). Calculate the highest common factor of 20 and y.
20
Suppose -2*x + 25 = 3*c, c - 32 = -x + 6*c. Let k(z) = z**3 - 17*z**2 + 1. Let w be k(x). Calculate the greatest common factor of 5 and w.
1
Let d be 6*(-3)/(-6) + -1. Suppose -8 = 5*f - 7*f. Suppose -2*h - 11 = -f*z - h, z + 3*h - 6 = 0. Calculate the highest common divisor of z and d.
1
Let d be -4 - 2 - (5619/(-12) - 25/(-100)). What is the greatest common divisor of 378 and d?
42
Let j(a) = a**3 + 8*a - 3. Let q be j(3). Let r be 1/2 - (-6)/(-4). Let m be (-40)/(-8) + (r - -2). What is the highest common divisor of m and q?
6
Let x(l) = 4*l**2 + 35*l - 177. Let c be x(6). Calculate the highest common factor of 6 and c.
3
Suppose 6*o - 13 = -37. Let k be o/(-10)*(2 + 18). Suppose k*v = 3*v + 45. Calculate the highest common factor of 63 and v.
9
Suppose -203 = 12*a - 11*a. Let j = -139 - a. Let k = -1912 + 1936. What is the greatest common factor of j and k?
8
Let q be ((-112)/(-40))/(-7)*-655. Suppose 26*r - q = 440. What is the highest common factor of 189 and r?
27
Let b = -10469 - -13694. What is the greatest common factor of 225 and b?
75
Suppose -47*y + 361 = -28*y. Suppose 4*k - 3*v = -4*v + 228, 4*v - 57 = -k. What is the greatest common divisor of y and k?
19
Suppose 2363 + 987 = 11*v + 600. Calculate the highest common factor of 25125 and v.
125
Let m be (-67)/(-6) + (-30)/180. Suppose m*z - 6750 = z. What is the greatest common factor of z and 50?
25
Suppose 2374 = 5*l - 2*t, -2*l + 3*l - 464 = 4*t. Suppose l = 9*r + 152. Calculate the greatest common factor of r and 20.
4
Let w be ((-951)/(-9))/(5/30*2). What is the highest common divisor of 2 and w?
1
Suppose 352 + 187 = 43*q - 493. What is the highest common divisor of 600 and q?
24
Suppose 2*r = 4*g - 240, -g - 3*g + 5*r = -240. Suppose 0 = -113*i + 116*i - 108. What is the greatest common factor of i and g?
12
Suppose -53*s - 7056 = -41*s. Let t = s - -666. What is the greatest common divisor of 234 and t?
78
Suppose 7*n + 1866 = 2552. Suppose 2*a = 3*o - 122, 2*a = 4 - 0. What is the greatest common factor of n and o?
14
Let u(j) = 19*j**2 - 89*j - 458. Let t be u(-5). Calculate the greatest common factor of t and 1122.
66
Suppose -25*u + 29254 + 18846 = 0. Calculate the greatest common factor of 520 and u.
52
Suppose 46*s - 850 = -9*s + 5*s. Calculate the highest common factor of 11441 and s.
17
Suppose y + 25*n - 28*n = 1898, y - n - 1890 = 0. What is the greatest common factor of y and 138?
46
Suppose 0 = -3*f + 3*s + 15079 - 4354, 0 = -2*f - 3*s + 7125. Calculate the highest common factor of f and 210.
210
Let u(c) = 155*c**2 + 292*c + 870. Let s be u(-3). What is the highest common factor of s and 9?
3
Let x = 2043 + -1952. Calculate the highest common factor of x and 266.
7
Suppose 0 = -3*x + 4*m + 512, -234 = -2*x - m + 100. Suppose 164*a - x*a + 616 = 0. What is the highest common divisor of 44 and a?
22
Let r be (-8022)/(-38) - 1 - ((-18666)/646 + 29). Calculate the greatest common factor of r and 2660.
70
Let u(v) = -v**3 - 15*v**2 - 22*v - 112. Let m be u(-14). Let o(i) = 8 - i + 0*i + 2*i. Let x be o(m). Calculate the highest common factor of x and 12.
4
Suppose 6*a - 327 = 135. Suppose 1139 = -0*q + 18*q + 887. Calculate the greatest common divisor of a and q.
7
Let r be ((-6)/(-9))/(3/117). Let i(u) = -u**3 + 27*u**2 - 27*u + 78. Let b be i(r). Calculate the highest common factor of 416 and b.
52
Let a(y) = -y + 84. Let l be a(0). Suppose -m - 31 = -3